7
Let t(f) be the first derivative of f**4/4 - f**3/3 + 28*f + 2. Suppose 3 = -5*d - 3*o, d + o + 6 = 5. What are the prime factors of t(d)?
2, 7
Let q be 10/(-4)*(-756)/90. Suppose -4*r - 157 + q = 0. Let s = r - -58. List the prime factors of s.
2, 3
What are the prime factors of (-136)/68 - -2*6438?
2, 41, 157
Let q = -46 - -51. Suppose -q*f + 1 = -4*n, 5*n + 4*f - 22 - 28 = 0. Suppose 176 = -5*z + n*z. What are the prime factors of z?
2, 11
Suppose -3*l + 1550 + 4168 = -3*g, l = 4*g + 1897. Suppose 2*w - 7*w = -3*y - 1906, -5*w + 2*y = -l. List the prime factors of w.
383
Let o = -18173 - -33348. List the prime factors of o.
5, 607
Let b(p) = 8*p + 43. Suppose -4*c - 2*s + 30 = s, -5*c = s - 43. Suppose -5*x = 7*x - c*x. List the prime factors of b(x).
43
Suppose 2*k + 15 = 31. Suppose k*c - 12*c + 1400 = -4*u, 3*u + 9 = 0. List the prime factors of c.
347
Suppose -y = -4 - 7. Let j = y - 12. What are the prime factors of -3*872/(-20) + j/(-5)?
131
Let w = -263 + 531. Let g = -140 + w. List the prime factors of g.
2
List the prime factors of (-224)/42*(-3711)/2.
2, 1237
Let l(m) = 38 - 873*m**3 + 10*m + 26*m**2 + 25*m**2 + 875*m**3. List the prime factors of l(-25).
7, 59
Let v = 324 - 313. Suppose v*p = 39*p - 38556. What are the prime factors of p?
3, 17
Let k(c) = -1376*c + 1182. What are the prime factors of k(-10)?
2, 31, 241
Let f(q) = -q**2 + q - 6. Let t be f(6). What are the prime factors of (-6)/(-27) - 1*2260/t?
3, 7
Suppose 3*i - 4*m = 11246, -4*m + 11254 = i + 2*i. Suppose 49*t - i = 39*t. List the prime factors of t.
3, 5
Let p be (-3)/(1 + 2) - (-2 - -33). Let f = p + 19. Let m = 186 - f. What are the prime factors of m?
199
Let d be 104200/15 - 1/(9/(-12)). Suppose 0 = -5*w + d - 1178. What are the prime factors of w?
2, 577
Suppose -5*z = -2*r + 47, -3*z - 5*r = 49 + 4. Let t(o) = -o - 24. Let g be t(z). Let u = g - -72. List the prime factors of u.
59
Suppose 3*k + 2*k = 385. Suppose -5*m = -62 + k. List the prime factors of (2/m)/(22/(-1749)).
53
Let x be 10/4 + (-11265)/30 + (-2 - 0). Let b be 2/2*(-163)/1. Let k = b - x. What are the prime factors of k?
2, 53
Let s be 30 + 3 - 3/3. Let y = -46 + s. Let v(g) = 3*g**2 + 33*g + 13. What are the prime factors of v(y)?
139
Let k = 340 - 335. Suppose 878 + 3297 = k*d. What are the prime factors of d?
5, 167
Let r(y) = 2*y**2 - 8*y + 7. Let n(g) = g**2 - 8*g + 19. Let h be n(8). What are the prime factors of r(h)?
577
Let x = -825 - -1843. Suppose -x = 18*p - 7696. What are the prime factors of p?
7, 53
Let x(m) = -2*m**3 + 150*m**2 - 603*m + 61. List the prime factors of x(70).
13, 17, 31
Let m(p) = -13*p + 7. Let d be m(-5). Suppose -2*w = 3*z + 6, 0*z = 3*z + 3*w + 6. List the prime factors of ((-105)/z - -2) + d/48.
2, 7
Let z(n) = -n**2 - 11*n - 18. Let l be z(-10). Let k(h) = -h**3 - 8*h**2 - h - 3. Let u be k(l). Suppose -3*j + u*j - 418 = 0. List the prime factors of j.
11, 19
Let k = -77461 - -113959. List the prime factors of k.
2, 3, 7, 11, 79
Let w(a) = -a**3 - 4*a**2 - 16*a - 54. Let y be w(-8). Let c = 847 - y. What are the prime factors of c?
11, 47
Let y(c) = 38*c - 11. Let b be y(10). What are the prime factors of -2 + -7 + (b - 0)?
2, 3, 5
Let j(z) = -z**3 - 11*z**2 - 23*z - 6. Suppose 5*s + 123 = 8*s. Let t = s - 50. List the prime factors of j(t).
3, 13
Let y(v) = 11*v**2 + 94*v + 2093. What are the prime factors of y(-34)?
3, 7, 79
Let g(d) = -d**3 + 8*d**2 - 2*d + 16. Let z be g(6). Let o = 80 - z. Suppose -5*v + 6*v + o*p = 158, 166 = v + 2*p. List the prime factors of v.
2, 3, 29
Let o be 17/4*(19 - -113). Let q = -228 + o. What are the prime factors of q?
3, 37
Let t = 902 + -478. Let l = -187 + t. What are the prime factors of l?
3, 79
Suppose 0 = 70*n - 145095 - 176135. List the prime factors of n.
13, 353
Suppose 3*q + 4*j = q + 42, -3*j = 2*q - 37. Let s(h) = 4*h - 37. Let z be s(q). Suppose -14*w - z*w = -4956. What are the prime factors of w?
2, 59
Let a be 2/(-6) - (-1608)/18. Let p = -85 + a. List the prime factors of 51/1 - (-4 + p).
3, 17
Suppose -q + 4706 = -2*o, 67 = 2*o + 57. List the prime factors of q.
2, 3, 131
Let d(o) = 115*o**2 + 20*o + 148. List the prime factors of d(-6).
2, 521
Let g(j) = -j**2 + 23*j - 20. Let w be g(22). Let q(z) = -6*z**2 - 2*z + 4. Let a be q(w). Let c = a + 82. What are the prime factors of c?
2, 29
Let z = 16571 + -11730. List the prime factors of z.
47, 103
Let q(t) = -2021*t - 6336. What are the prime factors of q(-36)?
2, 3, 5, 41
Let m be (3/6)/((-1 - 3)/(-40)). Suppose c - 2 = m*z + 3*c, 5*z - 3*c + 22 = 0. List the prime factors of z/(0 - ((-844)/284 + 3)).
71
List the prime factors of (-184642)/(-4) + (4 + 2)*(-46)/(-184).
2, 23081
Suppose -141*p + 16 = -137*p. Suppose 0 = -4*c + 4*i + 436, -p*i + 163 = 4*c - 281. List the prime factors of c.
2, 5, 11
Suppose i - 29 = 5*l, -4*i + 3*l = 4*l - 11. Suppose 0 = -5*z - i*q + 1215, 0*z - 4*z - 2*q = -978. List the prime factors of z.
13, 19
Let f be -3*(62/(-30) - (-34)/85). Suppose f*u + 49 = q, u - 193 = 3*q - 8*q. List the prime factors of q.
3, 13
Suppose 0 = 2*d + 5*v - 32427, 5*d + 5*v = 7072 + 73958. List the prime factors of d.
17, 953
Suppose m + 1584 = -0*m. Let i be (-123 - -115)*(-1 + 14/16). List the prime factors of i*4 + m/(-16).
103
Let x be ((-6)/4)/1*(-2312)/102. Suppose -9*n + x*n - 6550 = 0. What are the prime factors of n?
2, 131
What are the prime factors of (36906/6 - (2 + -9))/1?
2, 3079
Let s(h) = -h**3 + 13*h**2 - 25*h + 8. Let l be s(11). List the prime factors of (-2)/((l/(-1965))/(-5)).
2, 3, 131
Let g(n) = 2*n - 19. Suppose -p + 6 = -x - 7, p - 1 = -5*x. Let y be g(p). Suppose 4*f - 281 = 5*q, -y*f + 4*q = -q - 207. List the prime factors of f.
2, 37
Suppose -9*r + 124 + 1442 = 0. What are the prime factors of (27724/r)/(0 + 1/3)?
2, 239
Let r be (-1 - 1/(-2))/(13/(-3302)). Suppose 0 = i - 5*t - r, 3*i - 289 = 4*t + 48. List the prime factors of i.
107
Suppose -607*h - 36921 = -608*h - 2*y, -184572 = -5*h + y. List the prime factors of h.
3, 5, 23, 107
Let j be (-242)/1 - 1*-2. Suppose a + 3*a = -u - 1793, 889 = -2*a - 3*u. Let z = j - a. What are the prime factors of z?
11, 19
What are the prime factors of (-6796)/(-10)*(50/12)/((-400)/(-240))?
1699
Suppose 0 = 250*h - 252*h + 5*n + 36866, 18 = -3*n. List the prime factors of h.
2, 9209
What are the prime factors of 2895/(-3)*(-7134)/615?
2, 29, 193
Let v be (-4 + 84)/(-1 + 2/1). Suppose -2*b + 82 = -v. What are the prime factors of ((3 - 3) + b)/1?
3
Let i(s) = 2*s**2 - 45*s + 21. Let p be i(-14). Suppose 0 = -2*q + p + 1095. List the prime factors of q.
1069
Suppose 12 - 8 = -4*s, -2*s - 19350 = -2*l. List the prime factors of l.
2, 7, 691
Let q = -149 - -325. Let b = 1787 + q. List the prime factors of b.
13, 151
Let x(f) = 7*f**2 - 68*f - 1742. List the prime factors of x(-65).
3, 13, 827
Let r be 8/(-72) + 64/(-72) + 6. Suppose -5*q + 10 + 5 = 0. Suppose -5*n = 5, -q*u + r*n = -420 - 35. List the prime factors of u.
2, 3, 5
Let m = 16 - 9. Suppose 4*i = 5*n + 30, 4*i + 4*n - m = i. Suppose i*z - 315 = -4*z. List the prime factors of z.
5, 7
List the prime factors of (-5)/(210/(-191684)) - 56/(-588).
2, 7, 163
Suppose 4*b - 125 = -j + 2*b, 510 = 4*j + 3*b. Suppose 0 = -7*h + 4*h - j. Let o = -26 - h. List the prime factors of o.
17
Let g(c) = -c**3 + 11*c**2 + 14*c - 13. Let h be g(12). Suppose 12*p - 1235 = h*p. Suppose 0*q - p = -13*q. List the prime factors of q.
5, 19
Let f(i) = 102*i**2 - 2*i - 11. Let p = -335 - -332. List the prime factors of f(p).
11, 83
Suppose -u = -8*c + 15110, 12*c = 10*c + u + 3776. What are the prime factors of c?
1889
Let i = 28 - 18. Suppose 7*n + i = 4469. List the prime factors of n.
7, 13
Let b = -153 - -187. Suppose 0 = -m + 219 - b. What are the prime factors of m?
5, 37
Let q(h) = h + 107. Let l be q(-18). Let i = l + -43. What are the prime factors of i?
2, 23
Suppose 29*g - 1110226 + 145237 - 211541 = 0. List the prime factors of g.
2, 5, 4057
Suppose -10*y = -4*y - 30. Suppose -j = -h - y, 0*h = 2*h + 6. Suppose j*k + 35 = 2*s - 3*k, -5*s - 2*k + 15 = 0. What are the prime factors of s?
5
Let y = 19661 - 11660. List the prime factors of y.
3, 7, 127
What are the prime factors of -80*-15*(-6)/(-36)?
2, 5
Let b(v) = -v**2 + 1. 